{"id":2873,"date":"2024-03-14T18:33:11","date_gmt":"2024-03-14T21:33:11","guid":{"rendered":"https:\/\/fcpi.com.br\/portal\/wp-content\/uploads\/2024\/03\/PORTARIA-DA-FCP-N.o-004-2024-ACADEMICOS-APTOS-A-COLACAO-DE-GRAU-DIREITO-FCP-TURMA-2023-2-Assinada.pdf"},"modified":"2024-03-14T18:33:11","modified_gmt":"2024-03-14T21:33:11","slug":"portaria-da-fcp-n-o-004-2024-academicos-aptos-a-colacao-de-grau-direito-fcp-turma-2023-2-assinada","status":"inherit","type":"attachment","link":"https:\/\/fcpi.com.br\/novo\/portaria-da-fcp-n-o-004-2024-academicos-aptos-a-colacao-de-grau-direito-fcp-turma-2023-2-assinada\/","title":{"rendered":"PORTARIA-DA-FCP N.\u00ba 004-2024 &#8211; ACAD\u00caMICOS APTOS \u00c0 COLA\u00c7\u00c3O DE GRAU &#8211; DIREITO &#8211; FCP &#8211; TURMA 2023-2 (Assinada)"},"author":3,"featured_media":0,"comment_status":"open","ping_status":"closed","template":"","meta":[],"class_list":["post-2873","attachment","type-attachment","status-inherit","hentry"],"description":{"rendered":"<p class=\"attachment\"><a href='https:\/\/fcpi.com.br\/novo\/wp-content\/uploads\/2024\/03\/PORTARIA-DA-FCP-N.o-004-2024-ACADEMICOS-APTOS-A-COLACAO-DE-GRAU-DIREITO-FCP-TURMA-2023-2-Assinada.pdf'>PORTARIA-DA-FCP N.\u00ba 004-2024 - ACAD\u00caMICOS APTOS \u00c0 COLA\u00c7\u00c3O DE GRAU - DIREITO - FCP - TURMA 2023-2 (Assinada)<\/a><\/p>\n"},"caption":{"rendered":"<p>PORTARIA-DA-FCP N.\u00ba 004-2024 &#8211; ACAD\u00caMICOS APTOS \u00c0 COLA\u00c7\u00c3O DE GRAU &#8211; DIREITO &#8211; FCP &#8211; TURMA 2023-2 (Assinada)<\/p>\n"},"alt_text":"","media_type":"file","mime_type":"application\/pdf","media_details":{"filesize":2029130,"sizes":{}},"post":null,"source_url":"https:\/\/fcpi.com.br\/novo\/wp-content\/uploads\/2024\/03\/PORTARIA-DA-FCP-N.o-004-2024-ACADEMICOS-APTOS-A-COLACAO-DE-GRAU-DIREITO-FCP-TURMA-2023-2-Assinada.pdf","_links":{"self":[{"href":"https:\/\/fcpi.com.br\/novo\/wp-json\/wp\/v2\/media\/2873","targetHints":{"allow":["GET"]}}],"collection":[{"href":"https:\/\/fcpi.com.br\/novo\/wp-json\/wp\/v2\/media"}],"about":[{"href":"https:\/\/fcpi.com.br\/novo\/wp-json\/wp\/v2\/types\/attachment"}],"author":[{"embeddable":true,"href":"https:\/\/fcpi.com.br\/novo\/wp-json\/wp\/v2\/users\/3"}],"replies":[{"embeddable":true,"href":"https:\/\/fcpi.com.br\/novo\/wp-json\/wp\/v2\/comments?post=2873"}]}}

PORTARIA-DA-FCP N.º 004-2024 &#8211; ACADÊMICOS APTOS À COLAÇÃO DE GRAU &#8211; DIREITO &#8211; FCP &#8211; TURMA 2023-2 (Assinada)

<p class="attachment"><a href='https://fcpi.com.br/novo/wp-content/uploads/2024/03/PORTARIA-DA-FCP-N.o-004-2024-ACADEMICOS-APTOS-A-COLACAO-DE-GRAU-DIREITO-FCP-TURMA-2023-2-Assinada.pdf'>PORTARIA-DA-FCP N.º 004-2024 - ACADÊMICOS APTOS À COLAÇÃO DE GRAU - DIREITO - FCP - TURMA 2023-2 (Assinada)</a></p>

<p>PORTARIA-DA-FCP N.º 004-2024 &#8211; ACADÊMICOS APTOS À COLAÇÃO DE GRAU &#8211; DIREITO &#8211; FCP &#8211; TURMA 2023-2 (Assinada)</p>
