{"id":1087,"date":"2020-02-13T22:37:05","date_gmt":"2020-02-14T01:37:05","guid":{"rendered":"https:\/\/fcpi.com.br\/portal\/?page_id=1087"},"modified":"2020-02-13T22:37:05","modified_gmt":"2020-02-14T01:37:05","slug":"pos-graduacao-em-direito-publico-com-enfase-em-administracao-publica","status":"publish","type":"page","link":"https:\/\/fcpi.com.br\/novo\/pos-graduacao-em-direito-publico-com-enfase-em-administracao-publica\/","title":{"rendered":"P\u00d3S-GRADUA\u00c7\u00c3O EM DIREITO P\u00daBLICO COM \u00caNFASE EM ADMINISTRA\u00c7\u00c3O P\u00daBLICA"},"content":{"rendered":"<p>[vc_row][vc_column][vc_column_text]<\/p>\n<h3><strong>APRESENTA\u00c7\u00c3O DO CURSO<\/strong><\/h3>\n<p>&nbsp;<\/p>\n<p style=\"text-align: justify;\">O\u00a0Curso de Especializa\u00e7\u00e3o em \u201cDireito P\u00fablico com \u00canfase em Administra\u00e7\u00e3o P\u00fablica\u201d, foi desenvolvido pela FCP objetivando qualificar, ampliar e desenvolver conhecimentos e habilidades nos principais ramos do Direito P\u00fablico com \u00eanfase em Administrativo. Dessa forma, estamos preparando profissionais para atuarem fundamentados nas quest\u00f5es que envolvem a teoria geral do Estado e Direito Administrativo, na gest\u00e3o p\u00fablica, e nos procedimentos e processos das licita\u00e7\u00f5es e contratos p\u00fablicos, e no entendimento da\u00a0parceria p\u00fablico-privada, bem como capacitando o aluno para a doc\u00eancia superior e para o exerc\u00edcio da advocacia especializada. As aulas s\u00e3o expositivas e permitem aos participantes a constru\u00e7\u00e3o dial\u00f3gica\u00a0do conhecimento.<\/p>\n<p>&nbsp;<\/p>\n<p>&nbsp;<\/p>\n<h3><strong>MATRIZ CURRICULAR<\/strong><\/h3>\n<p>&nbsp;<\/p>\n<table style=\"height: 1194px;\" width=\"716\">\n<tbody>\n<tr>\n<td width=\"92\"><strong>MODULO<\/strong><\/td>\n<td width=\"534\"><strong>DISCIPLINA<\/strong><\/td>\n<\/tr>\n<tr>\n<td width=\"92\">01<\/td>\n<td width=\"534\">M\u00e9todos e T\u00e9cnicas de Pesquisa<\/td>\n<\/tr>\n<tr>\n<td width=\"92\">02<\/td>\n<td width=\"534\">Argumenta\u00e7\u00e3o Jur\u00eddica<\/td>\n<\/tr>\n<tr>\n<td width=\"92\">03<\/td>\n<td width=\"534\">Direito Constitucional Aplicado<\/td>\n<\/tr>\n<tr>\n<td width=\"92\">04<\/td>\n<td width=\"534\">Direito Administrativo Aplicado<\/td>\n<\/tr>\n<tr>\n<td width=\"92\">05<\/td>\n<td width=\"534\">Contrato e Licita\u00e7\u00f5es<\/td>\n<\/tr>\n<tr>\n<td width=\"92\">06<\/td>\n<td width=\"534\">Direito do Trabalho Aplicado<\/td>\n<\/tr>\n<tr>\n<td width=\"92\">07<\/td>\n<td width=\"534\">Direito Financeiro e Sistema de Controle \u2013 Parte 1<\/td>\n<\/tr>\n<tr>\n<td width=\"92\">08<\/td>\n<td width=\"534\">Direito Financeiro e Sistema de Controle \u2013 Parte 2<\/td>\n<\/tr>\n<tr>\n<td width=\"92\">09<\/td>\n<td width=\"534\">Direito Previdenci\u00e1rio Aplicado<\/td>\n<\/tr>\n<tr>\n<td width=\"92\">10<\/td>\n<td width=\"534\">Direito Tribut\u00e1rio Aplicado<\/td>\n<\/tr>\n<tr>\n<td width=\"92\">11<\/td>\n<td width=\"534\">Direito Penal Aplicado<\/td>\n<\/tr>\n<tr>\n<td width=\"92\">12<\/td>\n<td width=\"534\">Trabalho de Conclus\u00e3o de Curso \u2013 TCC I<\/td>\n<\/tr>\n<tr>\n<td width=\"92\">13<\/td>\n<td width=\"534\">Gest\u00e3o P\u00fablica<\/td>\n<\/tr>\n<tr>\n<td width=\"92\">14<\/td>\n<td width=\"534\">Direito Municipal e Urban\u00edstico<\/td>\n<\/tr>\n<tr>\n<td width=\"92\">15<\/td>\n<td width=\"534\">Representa\u00e7\u00e3o Processual dos Entes P\u00fablicos<\/td>\n<\/tr>\n<tr>\n<td width=\"92\">16<\/td>\n<td width=\"534\">Trabalho de Conclus\u00e3o de Curso \u2013 TCC II<\/td>\n<\/tr>\n<\/tbody>\n<\/table>\n<p><span style=\"text-align: justify;\"><br \/>\n[\/vc_column_text][\/vc_column][\/vc_row]<\/span><\/p>\n","protected":false},"excerpt":{"rendered":"<p>[vc_row][vc_column][vc_column_text] APRESENTA\u00c7\u00c3O DO CURSO &nbsp; O\u00a0Curso de Especializa\u00e7\u00e3o em \u201cDireito P\u00fablico com \u00canfase em Administra\u00e7\u00e3o P\u00fablica\u201d, foi desenvolvido pela FCP objetivando qualificar, ampliar e desenvolver conhecimentos e habilidades nos principais ramos do Direito P\u00fablico com \u00eanfase em Administrativo. Dessa forma, estamos preparando profissionais para atuarem fundamentados nas quest\u00f5es que envolvem a teoria geral do Estado [&hellip;]<\/p>\n","protected":false},"author":2,"featured_media":0,"parent":0,"menu_order":0,"comment_status":"closed","ping_status":"closed","template":"","meta":{"footnotes":""},"class_list":["post-1087","page","type-page","status-publish","hentry"],"_links":{"self":[{"href":"https:\/\/fcpi.com.br\/novo\/wp-json\/wp\/v2\/pages\/1087","targetHints":{"allow":["GET"]}}],"collection":[{"href":"https:\/\/fcpi.com.br\/novo\/wp-json\/wp\/v2\/pages"}],"about":[{"href":"https:\/\/fcpi.com.br\/novo\/wp-json\/wp\/v2\/types\/page"}],"author":[{"embeddable":true,"href":"https:\/\/fcpi.com.br\/novo\/wp-json\/wp\/v2\/users\/2"}],"replies":[{"embeddable":true,"href":"https:\/\/fcpi.com.br\/novo\/wp-json\/wp\/v2\/comments?post=1087"}],"version-history":[{"count":2,"href":"https:\/\/fcpi.com.br\/novo\/wp-json\/wp\/v2\/pages\/1087\/revisions"}],"predecessor-version":[{"id":1089,"href":"https:\/\/fcpi.com.br\/novo\/wp-json\/wp\/v2\/pages\/1087\/revisions\/1089"}],"wp:attachment":[{"href":"https:\/\/fcpi.com.br\/novo\/wp-json\/wp\/v2\/media?parent=1087"}],"curies":[{"name":"wp","href":"https:\/\/api.w.org\/{rel}","templated":true}]}}