{"id":1108,"date":"2020-03-02T20:43:16","date_gmt":"2020-03-02T23:43:16","guid":{"rendered":"https:\/\/fcpi.com.br\/portal\/?page_id=1108"},"modified":"2020-03-02T21:31:04","modified_gmt":"2020-03-03T00:31:04","slug":"pos-graduacao","status":"publish","type":"page","link":"https:\/\/fcpi.com.br\/novo\/pos-graduacao\/","title":{"rendered":"P\u00f3s-Gradua\u00e7\u00e3o"},"content":{"rendered":"<h3 style=\"text-align: center;\"><strong>Fa\u00e7a p\u00f3s-gradua\u00e7\u00e3o na FCP e acelere sua carreira<\/strong><\/h3>\n<p style=\"text-align: justify;\">Os cursos de p\u00f3s-gradua\u00e7\u00e3o\u00a0<em>lato sensu<\/em>, em n\u00edvel de especializa\u00e7\u00e3o da Faculdade do Cerrado Piauiense (FCP), s\u00e3o regulados pela Resolu\u00e7\u00e3o CNE\/CES n\u00ba 01\/2018, que autoriza a oferta pela institui\u00e7\u00e3o, haja vista a Portaria do DIREG MEC n\u00ba 121 de 15 de mar\u00e7o de 2013, publicada no DOU n\u00ba 52, de 18.03.2013, Se\u00e7\u00e3o 1, p\u00e1gina 40\/42, de autoriza\u00e7\u00e3o de ofertas de cursos superiores pela IES. Estando atualmente, estes cursos de p\u00f3s-gradua\u00e7\u00e3o da FCP, regulamenta pela Resolu\u00e7\u00e3o Institucional do CONSU-FCP n\u00ba 001\/2018, dos quais podem ser consultados no Cadastro e-MEC da Institui\u00e7\u00e3o.<\/p>\n<p style=\"text-align: justify;\">Venha estudar conosco, e fa\u00e7a a sua especializa\u00e7\u00e3o presencial com qualidade. Com isso, voc\u00eas estar\u00e3o oportunizando meios pr\u00f3prios para ingressarem no mercado, ao prosseguir com seus estudos e se habilitarem \u00e0\u00a0doc\u00eancia, ao mesmo tempo em que se especializam em \u00e1reas do conhecimento voltadas ao\u00a0mundo do trabalho do curso pretendido.<\/p>\n<p><strong>Inscri\u00e7\u00f5es:<\/strong> 09 a 30 de mar\u00e7o de 2020.<\/p>\n<p><strong>Valor:<\/strong> R$ 20,00<\/p>\n<p style=\"text-align: justify;\"><strong>Local:<\/strong> Sala na Secretaria Acad\u00eamica, da FCP, na cidade de Corrente-PI, no hor\u00e1rio de expediente, ou seja, nos turno da <strong>TARDE <\/strong>(14h30min as 18h00min) e<strong> NOITE<\/strong> (18h00min as 22h00min).<\/p>\n<p style=\"text-align: justify;\">Leia o <a href=\"https:\/\/fcpi.com.br\/portal\/wp-content\/uploads\/2020\/03\/Edital-P\u00f3s-gradua\u00e7\u00e3o-FCP-2020.1.pdf\" target=\"_blank\" rel=\"noopener noreferrer\"><strong>Edital NPPE\/FCP n\u00ba 002\/2020<\/strong><\/a> e vejam os cursos ofertados, as suas respectivas disciplinas e quais documentos dever\u00e3o apresentar no ato da inscri\u00e7\u00e3o.<\/p>\n","protected":false},"excerpt":{"rendered":"<p>Fa\u00e7a p\u00f3s-gradua\u00e7\u00e3o na FCP e acelere sua carreira Os cursos de p\u00f3s-gradua\u00e7\u00e3o\u00a0lato sensu, em n\u00edvel de especializa\u00e7\u00e3o da Faculdade do Cerrado Piauiense (FCP), s\u00e3o regulados pela Resolu\u00e7\u00e3o CNE\/CES n\u00ba 01\/2018, que autoriza a oferta pela institui\u00e7\u00e3o, haja vista a Portaria do DIREG MEC n\u00ba 121 de 15 de mar\u00e7o de 2013, publicada no DOU n\u00ba [&hellip;]<\/p>\n","protected":false},"author":3,"featured_media":0,"parent":0,"menu_order":0,"comment_status":"closed","ping_status":"closed","template":"","meta":{"footnotes":""},"class_list":["post-1108","page","type-page","status-publish","hentry"],"_links":{"self":[{"href":"https:\/\/fcpi.com.br\/novo\/wp-json\/wp\/v2\/pages\/1108","targetHints":{"allow":["GET"]}}],"collection":[{"href":"https:\/\/fcpi.com.br\/novo\/wp-json\/wp\/v2\/pages"}],"about":[{"href":"https:\/\/fcpi.com.br\/novo\/wp-json\/wp\/v2\/types\/page"}],"author":[{"embeddable":true,"href":"https:\/\/fcpi.com.br\/novo\/wp-json\/wp\/v2\/users\/3"}],"replies":[{"embeddable":true,"href":"https:\/\/fcpi.com.br\/novo\/wp-json\/wp\/v2\/comments?post=1108"}],"version-history":[{"count":13,"href":"https:\/\/fcpi.com.br\/novo\/wp-json\/wp\/v2\/pages\/1108\/revisions"}],"predecessor-version":[{"id":1128,"href":"https:\/\/fcpi.com.br\/novo\/wp-json\/wp\/v2\/pages\/1108\/revisions\/1128"}],"wp:attachment":[{"href":"https:\/\/fcpi.com.br\/novo\/wp-json\/wp\/v2\/media?parent=1108"}],"curies":[{"name":"wp","href":"https:\/\/api.w.org\/{rel}","templated":true}]}}