{"id":1187,"date":"2020-06-05T16:57:24","date_gmt":"2020-06-05T19:57:24","guid":{"rendered":"https:\/\/fcpi.com.br\/portal\/?page_id=1187"},"modified":"2020-06-05T17:51:53","modified_gmt":"2020-06-05T20:51:53","slug":"legislacao","status":"publish","type":"page","link":"https:\/\/fcpi.com.br\/novo\/legislacao\/","title":{"rendered":"LEGISLA\u00c7\u00c3O"},"content":{"rendered":"<p>Espa\u00e7o para publica\u00e7\u00e3o de legisla\u00e7\u00e3o pertinente a atividade da Faculdade do Cerrado Piauiense.<\/p>\n<p>&nbsp;<\/p>\n<p><a href=\"https:\/\/fcpi.com.br\/portal\/wp-content\/uploads\/2020\/06\/DECRETO-MUNICIPAL-N.\u00ba-097-2020-de-14-de-maio-de-2020-Corrente.pdf\" target=\"_blank\" rel=\"noopener noreferrer\">DECRETO MUNICIPAL N.\u00ba 097-2020, de 14 de maio de 2020 (Corrente) &#8211; <em>Imp\u00f5e no \u00e2mbito do Munic\u00edpio de Corrente, Estado do Piau\u00ed, medidas de prote\u00e7\u00e3o \u00e0 coletividade a serem adotadas para enfrentamento da emerg\u00eancia de sa\u00fade p\u00fablica de import\u00e2ncia internacional decorrente do Coronav\u00edrus \u2013 COVID-19 e d\u00e1 outras provid\u00eancias.<\/em><\/a><\/p>\n<p><a href=\"https:\/\/fcpi.com.br\/portal\/wp-content\/uploads\/2020\/06\/PORTARIA-N\u00ba-473-DE-12-DE-MAIO-DE-2020-DOU.pdf\" target=\"_blank\" rel=\"noopener noreferrer\">PORTARIA N\u00ba 473, de 12 de maio de 2020 (MEC) &#8211; <em>Prorroga o prazo previsto no \u00a71.\u00ba do art. 1\u00ba da Portaria n\u00ba 343, de 17 de mar\u00e7o de 2020.<\/em><\/a><\/p>\n<p><a href=\"https:\/\/fcpi.com.br\/portal\/wp-content\/uploads\/2020\/06\/PORTARIA-N\u00ba-395-de-15-de-abril-de-2020-MEC.pdf\" target=\"_blank\" rel=\"noopener noreferrer\">PORTARIA N\u00ba 395, de 15 de abril de 2020 (MEC) &#8211; <em>Prorroga o prazo previsto no \u00a71.\u00ba do art. 1\u00ba da Portaria n\u00ba 343, de 17 de mar\u00e7o de 2020.<\/em><\/a><\/p>\n<p><a href=\"https:\/\/fcpi.com.br\/portal\/wp-content\/uploads\/2020\/06\/DECRETO-ESTADUAL-N.\u00ba-18.966-de-30-de-abril-de-2020-Piau\u00ed.pdf\" target=\"_blank\" rel=\"noopener noreferrer\">DECRETO ESTADUAL N.\u00ba 18.966, de 30 de abril de 2020 (Piau\u00ed) &#8211; <em>Disp\u00f5e sobre os prazos de prorroga\u00e7\u00e3o e vig\u00eancia do Decreto n\u00ba 18.901, de 19 de mar\u00e7o de 2020, do Decreto n\u00ba 18.902, de 23 de mar\u00e7o de 2020, do Decreto n\u00ba 18.913, de 30 de mar\u00e7o de 2020, e do Decreto n\u00ba 18.947, de 22 de abril de 2020, visando combater a COVID<strong>-19<\/strong>, na forma que especifica, e d\u00e1 outras provid\u00eancias.<\/em><\/a><\/p>\n<p><a href=\"https:\/\/fcpi.com.br\/portal\/wp-content\/uploads\/2020\/06\/DECRETO-ESTADUAL-N.\u00ba-18.913-de-30-de-mar\u00e7o-de-2020-Piau\u00ed.pdf\" target=\"_blank\" rel=\"noopener noreferrer\">DECRETO ESTADUAL N.\u00ba 18.913, de 30 de mar\u00e7o de 2020 (Piau\u00ed) &#8211; <em>Prorroga e determina, nas redes p\u00fablica e privada, a suspens\u00e3o das aulas como medida excepcional para enfrentamento ao Covid-19, e d\u00e1 outras provid\u00eancias.<\/em><\/a><\/p>\n<p><a href=\"https:\/\/fcpi.com.br\/portal\/wp-content\/uploads\/2020\/06\/PORTARIA-N\u00ba-343-DE-17-DE-MAR\u00c7O-DE-2020.pdf\" target=\"_blank\" rel=\"noopener noreferrer\">PORTARIA n.\u00ba 343-2020, de 17 de mar\u00e7o de 2020 (MEC) &#8211; <em>Disp\u00f5e sobre a substitui\u00e7\u00e3o das aulas presenciais por aulas em meios digitais enquanto durar a situa\u00e7\u00e3o de pandemia do Novo Coronav\u00edrus &#8211; COVID-19.<\/em><\/a><\/p>\n<p><a href=\"https:\/\/fcpi.com.br\/portal\/wp-content\/uploads\/2020\/06\/LEI-N\u00ba-9.394-de-20-de-dezembro-de-1996-L.D.B..pdf\" target=\"_blank\" rel=\"noopener noreferrer\">LEI N\u00ba 9.394, de 20 de dezembro de 1996 (L.D.B.) &#8211; <em>Estabelece as diretrizes e bases da educa\u00e7\u00e3o nacional.<\/em><\/a><\/p>\n","protected":false},"excerpt":{"rendered":"<p>Espa\u00e7o para publica\u00e7\u00e3o de legisla\u00e7\u00e3o pertinente a atividade da Faculdade do Cerrado Piauiense. &nbsp; DECRETO MUNICIPAL N.\u00ba 097-2020, de 14 de maio de 2020 (Corrente) &#8211; Imp\u00f5e no \u00e2mbito do Munic\u00edpio de Corrente, Estado do Piau\u00ed, medidas de prote\u00e7\u00e3o \u00e0 coletividade a serem adotadas para enfrentamento da emerg\u00eancia de sa\u00fade p\u00fablica de import\u00e2ncia internacional decorrente [&hellip;]<\/p>\n","protected":false},"author":2,"featured_media":0,"parent":0,"menu_order":0,"comment_status":"closed","ping_status":"closed","template":"","meta":{"footnotes":""},"class_list":["post-1187","page","type-page","status-publish","hentry"],"_links":{"self":[{"href":"https:\/\/fcpi.com.br\/novo\/wp-json\/wp\/v2\/pages\/1187","targetHints":{"allow":["GET"]}}],"collection":[{"href":"https:\/\/fcpi.com.br\/novo\/wp-json\/wp\/v2\/pages"}],"about":[{"href":"https:\/\/fcpi.com.br\/novo\/wp-json\/wp\/v2\/types\/page"}],"author":[{"embeddable":true,"href":"https:\/\/fcpi.com.br\/novo\/wp-json\/wp\/v2\/users\/2"}],"replies":[{"embeddable":true,"href":"https:\/\/fcpi.com.br\/novo\/wp-json\/wp\/v2\/comments?post=1187"}],"version-history":[{"count":4,"href":"https:\/\/fcpi.com.br\/novo\/wp-json\/wp\/v2\/pages\/1187\/revisions"}],"predecessor-version":[{"id":1246,"href":"https:\/\/fcpi.com.br\/novo\/wp-json\/wp\/v2\/pages\/1187\/revisions\/1246"}],"wp:attachment":[{"href":"https:\/\/fcpi.com.br\/novo\/wp-json\/wp\/v2\/media?parent=1187"}],"curies":[{"name":"wp","href":"https:\/\/api.w.org\/{rel}","templated":true}]}}