{"id":1237,"date":"2020-06-05T17:18:42","date_gmt":"2020-06-05T20:18:42","guid":{"rendered":"https:\/\/fcpi.com.br\/portal\/?page_id=1237"},"modified":"2022-01-27T17:43:54","modified_gmt":"2022-01-27T20:43:54","slug":"informativo","status":"publish","type":"page","link":"https:\/\/fcpi.com.br\/novo\/informativo\/","title":{"rendered":"INFORMATIVOS"},"content":{"rendered":"\t\t<div data-elementor-type=\"wp-page\" data-elementor-id=\"1237\" class=\"elementor elementor-1237\" data-elementor-post-type=\"page\">\n\t\t\t\t\t\t<section class=\"elementor-section elementor-top-section elementor-element elementor-element-6f74c660 elementor-section-boxed elementor-section-height-default elementor-section-height-default\" data-id=\"6f74c660\" data-element_type=\"section\" data-e-type=\"section\">\n\t\t\t\t\t\t<div class=\"elementor-container elementor-column-gap-default\">\n\t\t\t\t\t<div class=\"elementor-column elementor-col-100 elementor-top-column elementor-element elementor-element-562f69b8\" data-id=\"562f69b8\" data-element_type=\"column\" data-e-type=\"column\">\n\t\t\t<div class=\"elementor-widget-wrap elementor-element-populated\">\n\t\t\t\t\t\t<div class=\"elementor-element elementor-element-514b0271 elementor-widget elementor-widget-text-editor\" data-id=\"514b0271\" data-element_type=\"widget\" data-e-type=\"widget\" data-widget_type=\"text-editor.default\">\n\t\t\t\t<div class=\"elementor-widget-container\">\n\t\t\t\t\t\t\t\t\t<p>Espa\u00e7o para publica\u00e7\u00e3o de informativos da Faculdade do Cerrado Piauiense.<\/p><p><br><\/p>\n<p><a href=\"https:\/\/fcpi.com.br\/portal\/wp-content\/uploads\/2022\/01\/COMUNICADO-CD-002-DISCIPLINAS-DEPENDENCIA-2022.1-FCP.pdf\" target=\"_blank\" rel=\"noopener\">COMUNICADO CD 002- DISCIPLINAS DEPEND\u00caNCIA 2022.1 FCP<\/a><\/p>\n<p><a href=\"https:\/\/fcpi.com.br\/portal\/wp-content\/uploads\/2021\/03\/SISTEMA-DE-AVALIACAO-FCP.pdf\" target=\"_blank\" rel=\"noopener noreferrer\">SISTEMA DE AVALIA\u00c7\u00c3O &#8211; FCP<\/a><\/p>\n<p><a href=\"https:\/\/fcpi.com.br\/portal\/wp-content\/uploads\/2020\/10\/COMUNICACAO-RESULTADO-EDT-VAGAS-REMANESCENTES-DO-ESTAGIO-CONV-TJ-PI-NPJ-2020-2.pdf\" target=\"_blank\" rel=\"noopener noreferrer\">Comunica\u00e7\u00e3o Resultado Edital Vagas Remanescentes Do Estagio Conv\u00eanio TJ-PI NPJ-2020-2<\/a><\/p>\n<p><a href=\"https:\/\/fcpi.com.br\/portal\/wp-content\/uploads\/2020\/06\/COMUNICADO-Sorteio-Vade-Mecum-DIREITO-FCP-2020-1-22-04-2020.pdf\" target=\"_blank\" rel=\"noopener noreferrer\">Informativo da FCP sobre sorteio de VADE MECUM aos alunos &#8211; <em>Informativo da FCP sobre o SORTEIO DE VADE MECUM AOS ALUNOS QUE FIZEREM POSTAGENS NO INSTAGRAM com a marca\u00e7\u00e3o do perfil da FCP com fotos das aulas remotas no Per\u00edodo Letivo 2020\/1<\/em><\/a><\/p>\n<p><a href=\"https:\/\/fcpi.com.br\/portal\/wp-content\/uploads\/2020\/06\/COMUNICADO-Aulas-Remotas-DIREITO-FCP-2020-1-04-04-2020.pdf\" target=\"_blank\" rel=\"noopener noreferrer\">Informativo da FCP sobre as Aulas Remotas &#8211; <em>Informativo da FCP sobre as Aulas Remotas &#8211; DIREITO &#8211; FCP &#8211; 2020-1 (01-04-2020)<\/em><\/a><\/p>\t\t\t\t\t\t\t\t<\/div>\n\t\t\t\t<\/div>\n\t\t\t\t\t<\/div>\n\t\t<\/div>\n\t\t\t\t\t<\/div>\n\t\t<\/section>\n\t\t\t\t<\/div>\n\t\t","protected":false},"excerpt":{"rendered":"<p>Espa\u00e7o para publica\u00e7\u00e3o de informativos da Faculdade do Cerrado Piauiense. COMUNICADO CD 002- DISCIPLINAS DEPEND\u00caNCIA 2022.1 FCP SISTEMA DE AVALIA\u00c7\u00c3O &#8211; FCP Comunica\u00e7\u00e3o Resultado Edital Vagas Remanescentes Do Estagio Conv\u00eanio TJ-PI NPJ-2020-2 Informativo da FCP sobre sorteio de VADE MECUM aos alunos &#8211; Informativo da FCP sobre o SORTEIO DE VADE MECUM AOS ALUNOS QUE [&hellip;]<\/p>\n","protected":false},"author":2,"featured_media":0,"parent":0,"menu_order":0,"comment_status":"closed","ping_status":"closed","template":"","meta":{"footnotes":""},"class_list":["post-1237","page","type-page","status-publish","hentry"],"_links":{"self":[{"href":"https:\/\/fcpi.com.br\/novo\/wp-json\/wp\/v2\/pages\/1237","targetHints":{"allow":["GET"]}}],"collection":[{"href":"https:\/\/fcpi.com.br\/novo\/wp-json\/wp\/v2\/pages"}],"about":[{"href":"https:\/\/fcpi.com.br\/novo\/wp-json\/wp\/v2\/types\/page"}],"author":[{"embeddable":true,"href":"https:\/\/fcpi.com.br\/novo\/wp-json\/wp\/v2\/users\/2"}],"replies":[{"embeddable":true,"href":"https:\/\/fcpi.com.br\/novo\/wp-json\/wp\/v2\/comments?post=1237"}],"version-history":[{"count":7,"href":"https:\/\/fcpi.com.br\/novo\/wp-json\/wp\/v2\/pages\/1237\/revisions"}],"predecessor-version":[{"id":2032,"href":"https:\/\/fcpi.com.br\/novo\/wp-json\/wp\/v2\/pages\/1237\/revisions\/2032"}],"wp:attachment":[{"href":"https:\/\/fcpi.com.br\/novo\/wp-json\/wp\/v2\/media?parent=1237"}],"curies":[{"name":"wp","href":"https:\/\/api.w.org\/{rel}","templated":true}]}}