{"id":987,"date":"2019-08-28T13:47:09","date_gmt":"2019-08-28T16:47:09","guid":{"rendered":"https:\/\/fcpi.com.br\/portal\/?page_id=987"},"modified":"2020-02-15T17:06:16","modified_gmt":"2020-02-15T20:06:16","slug":"extensao","status":"publish","type":"page","link":"https:\/\/fcpi.com.br\/novo\/extensao\/","title":{"rendered":"Extens\u00e3o"},"content":{"rendered":"<p>[vc_row][vc_column][vc_column_text]<\/p>\n<p style=\"text-align: justify;\">A extens\u00e3o universit\u00e1ria \u00e9 o processo educativo, cultural e cient\u00edfico que articula o ensino e a pesquisa de forma indissoci\u00e1vel e viabiliza a rela\u00e7\u00e3o transformadora entre a faculdade e a sociedade.\u00a0 Configura-se como a extens\u00e3o \u00e0 sociedade dos conhecimentos produzidos na institui\u00e7\u00e3o de ensino e, em vista disso, implica no envolvimento da comunidade externa nas a\u00e7\u00f5es desenvolvidas.<\/p>\n<p style=\"text-align: justify;\">Na FCP as atividades de extens\u00e3o s\u00e3o realizadas nas seguintes modalidades: cursos; simp\u00f3sios; confer\u00eancias; debates; palestras; jornadas acad\u00eamicas; congressos; semin\u00e1rios; campanhas e programas educativos; e a presta\u00e7\u00e3o de servi\u00e7os \u00e0 comunidade.<\/p>\n<p style=\"text-align: justify;\">As atividades de extens\u00e3o devem constar do Plano de Trabalho das respectivas Coordena\u00e7\u00f5es de Curso, envolvendo demais \u00f3rg\u00e3os da Faculdade, estudantes e docentes vinculados \u00e0s atividades desenvolvidas em conjunto com a comunidade.<\/p>\n<p style=\"text-align: justify;\">As atividades de extens\u00e3o s\u00e3o coordenadas pelo respectivo Coordenador de Curso quando as mesmas se inclu\u00edrem por inteiro na Coordena\u00e7\u00e3o, ou pela Diretoria, quando as atividades abrangerem a mais de um Curso de gradua\u00e7\u00e3o.<\/p>\n<p style=\"text-align: justify;\">Os planos, programas e projetos de extens\u00e3o e os relat\u00f3rios correspondentes, s\u00e3o apreciados pelos Colegiados de Curso pertinentes e homologados pelo Conselho Superior da Faculdade. A aprova\u00e7\u00e3o das atividades de extens\u00e3o fica condicionada a garantia da disponibilidade dos recursos humanos, materiais e financeiros, da pr\u00f3pria Faculdade ou de recursos externos.<\/p>\n<p style=\"text-align: justify;\">A cria\u00e7\u00e3o de cursos de extens\u00e3o poder\u00e1 ser proposta pelas Coordena\u00e7\u00f5es de Curso e Centros Acad\u00eamicos. Ou, ainda, por institui\u00e7\u00f5es organizadas da sociedade e entidades p\u00fablicas e\/ou privadas. Os cursos de extens\u00e3o possibilitar\u00e3o disseminar o conhecimento produzido nos cursos de gradua\u00e7\u00e3o da Faculdade e ser\u00e3o programados a partir de demandas identificadas no desenvolvimento das disciplinas te\u00f3ricas e das pr\u00e1ticas profissionalizantes.<\/p>\n<p style=\"text-align: justify;\">A divulga\u00e7\u00e3o dos eventos de extens\u00e3o e suas inscri\u00e7\u00f5es s\u00f3 poder\u00e3o ter in\u00edcio ap\u00f3s sua aprova\u00e7\u00e3o pelo respectivo Colegiado de Curso e homologa\u00e7\u00e3o pelo Conselho Superior da FCP.<\/p>\n<p style=\"text-align: justify;\">A operacionaliza\u00e7\u00e3o das a\u00e7\u00f5es de extens\u00e3o compreende um conjunto de diretrizes assim definidas:<\/p>\n<ol>\n<li style=\"text-align: justify;\">Necess\u00e1ria e obrigat\u00f3ria articula\u00e7\u00e3o da extens\u00e3o com o ensino e a pesquisa, de forma institucionalizada;<\/li>\n<li style=\"text-align: justify;\">Interdisciplinaridade como intera\u00e7\u00e3o de conhecimentos e de metodologias, buscando uma consist\u00eancia te\u00f3rica e operacional que estruture as a\u00e7\u00f5es programadas;<\/li>\n<li style=\"text-align: justify;\">Rela\u00e7\u00e3o bilateral com a comunidade externa, com troca de saberes e aplica\u00e7\u00e3o de metodologias participativas e, como consequ\u00eancia, a democratiza\u00e7\u00e3o do conhecimento, a participa\u00e7\u00e3o efetiva da comunidade na atua\u00e7\u00e3o da institui\u00e7\u00e3o e uma produ\u00e7\u00e3o resultante do confronto com a realidade;<\/li>\n<li style=\"text-align: justify;\">Atua\u00e7\u00e3o articulada aos movimentos sociais, priorizando a\u00e7\u00f5es que visem o desenvolvimento regional e, especialmente, a supera\u00e7\u00e3o das atuais condi\u00e7\u00f5es de desigualdade e exclus\u00e3o existentes na regi\u00e3o;<\/li>\n<li style=\"text-align: justify;\">Abordar a diversidade cultural, a defesa do meio ambiente, a preserva\u00e7\u00e3o da mem\u00f3ria e patrim\u00f4nio cultural, a promo\u00e7\u00e3o dos direitos humanos e a igualdade racial, entre outros temas.<\/li>\n<\/ol>\n<p>&nbsp;<\/p>\n<p><strong>Projetos de Extens\u00e3o implementados na FCP:<\/strong><\/p>\n<p style=\"text-align: justify;\">I &#8211; Programa da <strong>R\u00e1dio Educativa Cidad\u00e3 <\/strong>\u2013 \u00c9 um programa, que na sua maioria das vezes \u00e9 semestral, vinculado a R\u00e1dio Cerrado 92,1 Mhz, na qual \u00e9 uma emissora de Radiodifus\u00e3o em Frequ\u00eancia Modulada\u2013FM, cuja concess\u00e3o integra a Empresa Brasil de Comunica\u00e7\u00e3o, com autoriza\u00e7\u00e3o de funcionamento, e transfer\u00eancia de responsabilidade de gest\u00e3o, \u00e0 Sociedade de Ensino Superior do Sul do Piau\u00ed &#8211; SESSPI. Cujo os objetivos s\u00e3o: Abordar temas de grande import\u00e2ncia para os cidad\u00e3os correntinos atrav\u00e9s de pautas elaboradas pelos acad\u00eamicos e profissionais do Direito, temas contempor\u00e2neos na \u00e1rea do Direito com o escopo de despertar nos mesmos o interesse e a consci\u00eancia sobre a import\u00e2ncia da sua atua\u00e7\u00e3o na vida pol\u00edtica e social enquanto cidad\u00e3o de direitos e obriga\u00e7\u00f5es; Apontar as condutas que podem ser consideradas como criminosas; Demonstrar de forma clara os aspectos dos direitos mais importantes para o exerc\u00edcio da cidadania plena; e Elencar as principais quest\u00f5es a respeito dos direitos do cidad\u00e3o.<\/p>\n<p style=\"text-align: justify;\">II &#8211; Programa do <strong>Jur\u00ed Simulado <\/strong>&#8211; \u00c9 um programa anual, que reside na possibilidade de oferecer aos acad\u00eamicos do curso de direito em est\u00e1gio inicial, a um contato pr\u00e1tico e din\u00e2mico com a viv\u00eancia jur\u00eddica, dada a import\u00e2ncia da simula\u00e7\u00e3o de um julgamento real, para que o acad\u00eamico seja inserido em uma nova \u00f3tica sobre o procedimento previsto em lei. Seu objetivo central \u00e9 reproduzir fielmente o procedimento processual penal, refazendo cada fase do rito, proporcionando aos acad\u00eamicos e futuros operadores do Direito, interessados em atuar perante o Tribunal do J\u00fari, uma experi\u00eancia geral e pr\u00e1tica da vida forense, onde s\u00e3o julgados os crimes dolosos contra a vida, bem como fornecer as ferramentas necess\u00e1rias para um bom desempenho, pautados no direito do r\u00e9u a exercer o direito \u00e0 ampla defesa e contradit\u00f3rio.<\/p>\n<p style=\"text-align: justify;\">III &#8211; Programa do <strong>Agosto Lil\u00e1s<\/strong> <strong>\u2013 viol\u00eancia contra a mulher nunca mais<\/strong> \u2013 \u00c9 um programa de extens\u00e3o anual que visa interagir entre a Faculdade e a forma\u00e7\u00e3o e socializa\u00e7\u00e3o de defesa dos direitos das mulheres, promovendo reflex\u00f5es de maneira respons\u00e1vel sobre a tem\u00e1tica e desenvolver por este meio, uma conscientiza\u00e7\u00e3o sobre os tipos de viol\u00eancia e a import\u00e2ncia da den\u00fancia as autoridades competentes. Assim, a Faculdade conseguir\u00e1 promover esclarecimentos de forma did\u00e1tica sobre a lei e os meios de mobiliza\u00e7\u00e3o e conscientiza\u00e7\u00e3o contra esse tipo de viol\u00eancia, a fim de encorajarem as mulheres a denunciarem os seus agressores, como tamb\u00e9m estimular a sociedade a fazer a referida den\u00fancia.<\/p>\n<p style=\"text-align: justify;\">IV &#8211; Programa da <strong>Faculdade Itinerante<\/strong> \u2013 \u00c9 um programa de extens\u00e3o anual que serve para integra\u00e7\u00e3o entre a Faculdade e as escolas de ensino fundamental e m\u00e9dio da regi\u00e3o e munic\u00edpios vizinhos, promovendo a divulga\u00e7\u00e3o dos projetos de ensino, pesquisa e extens\u00e3o, que s\u00e3o desenvolvidas pela Faculdade do Cerrado Piauiense, colaborando com uma proposta de ensinar sobre a import\u00e2ncia dos direitos para o exerc\u00edcio da cidadania nas comunidades carentes, ao mesmo tempo em que disp\u00f5em aos presentes, meios de uma efetiva constru\u00e7\u00e3o da cidadania, baseada nos direitos e deveres infanto-juvenis, preconizados pelo Estatuto da Crian\u00e7a e do Adolescente.<\/p>\n<p style=\"text-align: justify;\">V &#8211; Programa do <strong>Encontro Jusfilos\u00f3fico<\/strong> &#8211; \u00c9 um programa de extens\u00e3o anual que tem a pretens\u00e3o de refletir sobre o papel dos cidad\u00e3os na sociedade, haja vista, nos depararmos com ambientes que transmitem incertezas e que diante de argumentos taxativos as pessoas acabam abandonando um di\u00e1logo para tecerem posicionamentos fixos. Portanto, \u00e9 um projeto de extens\u00e3o universit\u00e1ria que busca compreender sobre a import\u00e2ncia de construir um debate construtivo e anal\u00edtico sobre a democracia e como desempenhar com a liberdade e respeito o nosso papel como pol\u00edtico-social.<\/p>\n<p style=\"text-align: justify;\">VI &#8211; Programa da <strong>Visita Guiada<\/strong> &#8211; \u00c9 um programa de extens\u00e3o anual que se realiza optando por dois momentos, ou o projeto \u00e9 destinado \u00e0 realiza\u00e7\u00e3o visitas aos \u00f3rg\u00e3os jur\u00eddicos da regi\u00e3o pelos alunos do 3.\u00ba Bloco do Curso de Bacharelado em Direito da Faculdade do Cerrado Piauiense, em face da necessidade de descentraliza\u00e7\u00e3o dos atendimentos do Escrit\u00f3rio Modelo da Faculdade do Cerrado Piauiense; ou atrav\u00e9s de uma visita guiada por professores aos \u00f3rg\u00e3os em Bras\u00edlia-DF, com o objetivo de integrarem os acad\u00eamicos do 5\u00ba bloco do curso de Bacharelado em Direito ao funcionamento do Poder Judici\u00e1rio, bem como da Ordem dos Advogados do Brasil do Distrito Federal (OAB-DF), na busca do entendimento do funcionamento jurisdicional brasileiro para que o futuro operador do Direito saiba a real import\u00e2ncia de cada \u00f3rg\u00e3o no exerc\u00edcio da democracia no Estado democr\u00e1tico de Direito.<\/p>\n<p style=\"text-align: justify;\">VII &#8211; Programa <strong>Setembro Amarelo<\/strong> &#8211; \u00c9 um programa de extens\u00e3o anual que se realiza em alus\u00e3o ao m\u00eas de preven\u00e7\u00e3o ao suic\u00eddio. O projeto tende a fomentar a valoriza\u00e7\u00e3o da vida e preven\u00e7\u00e3o ao suic\u00eddio por meio da conscientiza\u00e7\u00e3o, buscando alerta r a popula\u00e7\u00e3o regional a respeito da realidade dos casos. Costuma-se debater nesse evento quest\u00f5es referentes ao suic\u00eddio, promovendo roda de conversas, com profissionais habilitados, bem como depoimentos pessoais e reais que proporcionam aos alunos, participantes e colaboradores ferramentas de conhecimento sobre uma realidade bastante presente nos dias de hoje.[\/vc_column_text][\/vc_column][\/vc_row]<\/p>\n","protected":false},"excerpt":{"rendered":"<p>[vc_row][vc_column][vc_column_text] A extens\u00e3o universit\u00e1ria \u00e9 o processo educativo, cultural e cient\u00edfico que articula o ensino e a pesquisa de forma indissoci\u00e1vel e viabiliza a rela\u00e7\u00e3o transformadora entre a faculdade e a sociedade.\u00a0 Configura-se como a extens\u00e3o \u00e0 sociedade dos conhecimentos produzidos na institui\u00e7\u00e3o de ensino e, em vista disso, implica no envolvimento da comunidade externa [&hellip;]<\/p>\n","protected":false},"author":3,"featured_media":0,"parent":0,"menu_order":0,"comment_status":"closed","ping_status":"closed","template":"","meta":{"footnotes":""},"class_list":["post-987","page","type-page","status-publish","hentry"],"_links":{"self":[{"href":"https:\/\/fcpi.com.br\/novo\/wp-json\/wp\/v2\/pages\/987","targetHints":{"allow":["GET"]}}],"collection":[{"href":"https:\/\/fcpi.com.br\/novo\/wp-json\/wp\/v2\/pages"}],"about":[{"href":"https:\/\/fcpi.com.br\/novo\/wp-json\/wp\/v2\/types\/page"}],"author":[{"embeddable":true,"href":"https:\/\/fcpi.com.br\/novo\/wp-json\/wp\/v2\/users\/3"}],"replies":[{"embeddable":true,"href":"https:\/\/fcpi.com.br\/novo\/wp-json\/wp\/v2\/comments?post=987"}],"version-history":[{"count":3,"href":"https:\/\/fcpi.com.br\/novo\/wp-json\/wp\/v2\/pages\/987\/revisions"}],"predecessor-version":[{"id":1096,"href":"https:\/\/fcpi.com.br\/novo\/wp-json\/wp\/v2\/pages\/987\/revisions\/1096"}],"wp:attachment":[{"href":"https:\/\/fcpi.com.br\/novo\/wp-json\/wp\/v2\/media?parent=987"}],"curies":[{"name":"wp","href":"https:\/\/api.w.org\/{rel}","templated":true}]}}